the greatest common factor of 39 and l?
13
Let c be ((-52)/(-16))/(7*(-1)/(-84)). Calculate the highest common divisor of c and 13.
13
Let c = -34 - -35. Suppose -d = -3*o - 87, 0 = 3*o + c + 5. What is the greatest common factor of d and 27?
27
Let w be (-318)/(-27) - (-1)/((-18)/(-4)). Calculate the highest common factor of w and 300.
12
Let j = -116 + 270. Calculate the greatest common factor of j and 56.
14
Let u(y) = -17*y - 5. Let w be u(-5). Suppose -7*s + 8 = -3*s. Suppose s*p = 4*c - 0*c - 30, -5*c + 3*p = -35. What is the greatest common factor of w and c?
10
Suppose -1748 = -20*y + 23572. What is the highest common divisor of y and 6?
6
Let i(d) = d - 4. Let f(o) = o - 1. Let p(l) = 6*f(l) - 3*i(l). Let c be p(6). Suppose 0 = 3*s - c. Calculate the highest common factor of 16 and s.
8
Let w = -4 + 10. Let p be (-32)/(-12)*9/w. Let g be 18 - (p - 2 - 4). Calculate the highest common factor of 4 and g.
4
Let w = 3 + 7. Suppose -5*y = -3*p + 39, -y - w - 16 = -2*p. Suppose 0 = i - 2*i + 65. Calculate the highest common factor of i and p.
13
Suppose -8316 = -19*m + 8*m. What is the highest common factor of 28 and m?
28
Suppose 20 = 5*g, -2*g - 53 + 345 = 4*a. Calculate the highest common divisor of a and 355.
71
Let a(d) = 6*d**3 + 7*d**2 + 3*d + 4. Let j(f) = f**3. Let n(r) = -a(r) + 5*j(r). Let g be n(-8). What is the highest common factor of g and 28?
28
Let l(f) = f**2 + f - 1. Let c = -20 - -22. Let r be l(c). Let g be 182/10 - r/25. Calculate the greatest common divisor of g and 54.
18
Suppose 5*v + 40*n = 43*n + 240, -4*v + 4*n + 200 = 0. What is the highest common factor of 375 and v?
15
Let n(z) = -7*z**3 - 2*z. Let s be n(-2). Suppose 5*x = 3*x + 5*d - 8, -5*d = -20. Calculate the highest common divisor of x and s.
6
Let y be (126/(-15))/((-2)/15). Let t be 4/16 + 70/8. Calculate the highest common factor of t and y.
9
Let q(z) = -z + 17. Let l be q(16). Suppose -7 + l = -2*w. What is the highest common factor of 3 and w?
3
Let r = 591 + -568. Calculate the highest common factor of r and 368.
23
Let w be (-5)/2 - 10/(-20). Let t be w/(-6 - -2)*(48 - 0). What is the greatest common factor of t and 24?
24
Suppose -5*l - 2*n + 179 = n, 4*n = -5*l + 182. Let d(g) = 50*g + 1. Let k be d(1). What is the greatest common divisor of k and l?
17
Suppose 635 = 7*h - 590. Let v = h + -14. What is the greatest common factor of v and 23?
23
Let g be 10 + -9 - 2*26. Let q = 53 + g. What is the greatest common factor of q and 2?
2
Let b be 32*5*(-1833)/(-260). What is the highest common divisor of b and 8?
8
Suppose -9*r + 5*r = -16. Let b be 6/(-3) + r - 4 - -11. Calculate the highest common divisor of b and 27.
9
Let m(h) = 4*h**2 + 14*h + 10. Suppose g + 13*g = -70. Let y be m(g). Suppose -86 = 3*p - 386. What is the highest common factor of y and p?
20
Let i = 1153 - 1140. What is the greatest common factor of 1469 and i?
13
Suppose 520 = -5*z - 2*m, 2*m = -2*z + 3*z + 116. Let s = z - 143. Let l = 389 + s. What is the highest common divisor of l and 20?
20
Suppose -g - 2*g + 3 = 0. Suppose -4*b - 2*q = -0*b - 16, 2*b - 8 = 2*q. Calculate the highest common factor of b and g.
1
Let q be (1 - 0)*9*(-14)/(-63). What is the highest common factor of 22 and q?
2
Suppose q = 2*a + 38, 2*a = -3*q + 45 + 61. Calculate the greatest common divisor of q and 84.
12
Let d = -13226 + 13233. Let t(r) = r**3 + 6*r**2 - 7*r - 7. Let q be t(-6). Calculate the highest common factor of q and d.
7
Let b(x) be the third derivative of -x**5/60 + x**4/2 + 13*x**3/6 + 5*x**2 + 4*x. Let i be b(12). Calculate the highest common factor of i and 13.
13
Let y(u) = u + 20. Let x be y(-16). Let g be 7 - 9/(1 - x). Let z = 16 - 12. Calculate the greatest common divisor of z and g.
2
Suppose -144 = -3*i + 456. Let c be 1/((-1)/(-3)) - -22. Calculate the highest common factor of c and i.
25
Suppose k - 36 = -y - k, -y + 54 = -4*k. Suppose 125 = 4*p - 99. Calculate the highest common divisor of p and y.
14
Let q = -252 - -442. Calculate the highest common factor of 38 and q.
38
Let w be -10*(0 + -3 + -6). Suppose 5*x + 10 = -2*k, 0*k = -4*x + 2*k - 8. Let m be ((x - 16)/(-1))/(1 - 0). What is the highest common divisor of w and m?
18
Let v be (-136)/(-6) - 10/15. Let m = v + 11. Suppose -m = 3*q - t - 112, 5*t = -5. What is the highest common factor of q and 13?
13
Let v(h) = -7*h - 35. Let l be v(-17). Let x = -51 + l. What is the greatest common divisor of 22 and x?
11
Let j be 8*((-28)/8 + 4). Suppose -d + 0*b + 2*b = -2, j*d - 13 = 3*b. Suppose -3*u = -d - 8. What is the highest common divisor of 28 and u?
4
Let a = 1360 + -1295. What is the greatest common factor of 39 and a?
13
Let m(p) = p + 16. Let q = 3 - 3. Let y be m(q). What is the greatest common divisor of y and 80?
16
Let c(j) = -4*j - 10. Let s be c(-3). Suppose -265 = -5*b + 4*b - d, 0 = -s*b + 4*d + 536. Calculate the highest common divisor of 38 and b.
38
Suppose -50*b + 40*b = -9680. What is the greatest common divisor of b and 264?
88
Suppose 111 = m - 2*s, -3*m - s = -5*m + 228. What is the highest common divisor of m and 15?
5
Let q(u) = 3*u + 84. Let n be q(-18). What is the highest common divisor of 165 and n?
15
Suppose b - 2*v - 2*v - 18 = 0, -b - 5*v - 18 = 0. Suppose -6*q - 52 = -b*q. Let p be q/52 - 258/(-8). What is the highest common divisor of p and 4?
4
Suppose 0 = 2*b + 22 - 62. Let c = 83 - b. What is the highest common factor of 9 and c?
9
Let z(m) = -m + 2. Let t be z(-4). Let c(u) = u**3 + 21*u**2 + 40*u + 849. Let d be c(-21). What is the greatest common divisor of t and d?
3
Suppose 0 = -5*c + 3 + 252. Suppose -c - 13 = -4*z. What is the greatest common divisor of z and 176?
16
Suppose 0 = 2*s + 5*l + 132, 2*s = 5*s - 4*l + 152. Suppose -2*x + 7*x = 4*w - 10, x + 2 = -3*w. Let y = x - s. What is the highest common factor of y and 18?
18
Let l = -777 + 803. What is the greatest common divisor of 169 and l?
13
Let r = 22 + 0. Let g be (-32916)/(-34) + 4/(-34). Suppose 3*t + g = 14*t. Calculate the greatest common divisor of r and t.
22
Suppose -2*x + 7*x - 306 = -2*u, 2*u + x = 306. Let z be (3/(-18))/((-2863)/714 + 4). Calculate the greatest common divisor of z and u.
17
Suppose 6*m + 4 = 34. Let r be 63/12 + 2/(-8). Calculate the highest common divisor of m and r.
5
Suppose -3*q = 3*a - 4*a - 174, 5*a + 72 = q. Let l(i) = 4*i - 9. Let h be l(7). What is the highest common factor of q and h?
19
Suppose 5*c = 0, -5*y + 0*c = 3*c - 490. What is the highest common factor of y and 637?
49
Suppose -1155 = -25*m + 1494 - 174. Let s be 44/(-6)*3/(-2). What is the highest common divisor of s and m?
11
Suppose 4*t - 8 = 20. Let q be (t - 3)/(1 - 2). Let j(d) = 2*d**2 + 5*d - 1. Let h be j(q). What is the highest common factor of 88 and h?
11
Let t = 715 - 155. What is the highest common factor of 105 and t?
35
Let j = 69 + -66. Suppose x = 5*b - 113, 0*b - 3*x - 53 = -2*b. Let z = 34 - b. Calculate the highest common divisor of j and z.
3
Let l = 7 + 13. Let z = 64 - l. What is the greatest common divisor of 11 and z?
11
Suppose -115*f + 165*f = -169*f + 2847. Let g be 1 + (0 - 1) + 26. Calculate the greatest common divisor of g and f.
13
Suppose 14*n + 5 = 621. Calculate the highest common factor of n and 352.
44
Let v = 128 - 128. Suppose v = -3*f + 3*l + 108, 2*f - 89 = 3*l - 20. Calculate the greatest common divisor of 156 and f.
39
Let n = -55 + 62. Suppose -5 = -5*w - 0. Calculate the greatest common factor of w and n.
1
Let v = 56 - 43. Suppose -v*b + 18*b = 10. Calculate the greatest common divisor of 10 and b.
2
Let l(j) = j**2 + 21*j + 26. Let o be l(-11). Let m = -57 - o. Calculate the greatest common divisor of 36 and m.
9
Let f(j) = -11*j + 3. Let b = -5 - 0. Let q be f(b). Calculate the greatest common divisor of q and 638.
58
Suppose 5*w + 0*y - 152 = 4*y, 4*w = y + 126. What is the highest common divisor of 52 and w?
4
Suppose -8 - 10 = 3*u. Let g(b) = 3*b**2 + 13*b - 12. Let r be g(u). Calculate the greatest common divisor of r and 9.
9
Let y = -135 + 151. Suppose 780 = -12*x + y*x. Calculate the greatest common divisor of 15 and x.
15
Suppose y + 3*r + 8 = 0, -4*y = r + 2 + 8. Let a be 32/20 - y/5. Suppose -a*c - 42 = -3*c. Calculate the greatest common factor of 28 and 